+ 5*p - 7. What is w(n)?
-7
Let x(l) = 3*l**2 + 12*l - 6. Let u(t) = -5*t**2 - 23*t + 11. Let y(g) = -4*u(g) - 7*x(g). Suppose 104*m = 112*m - 40. Calculate y(m).
13
Let o(l) be the first derivative of l**6/360 + l**5/120 - 5*l**4/24 - 14*l**3/3 + 5. Let h(s) be the third derivative of o(s). Calculate h(-4).
7
Let o(d) = -4*d**3 - 9*d**2 + 13*d + 1. Let l(v) = -v**3 - 3*v**2 + 4*v. Let b(s) = 7*l(s) - 2*o(s). Determine b(2).
-2
Let m(l) = -1 - 8 + l + 22 - 9 + 2. Calculate m(-12).
-6
Let f(d) be the third derivative of d**5/30 + 5*d**4/24 - 2*d**3/3 + 207*d**2. Let s be 2/1 - (4 + 2). Give f(s).
8
Let x be 4/7 + (-24)/(-56). Let d be 0/(x - -2) - (-6)/(-2). Let y(c) = -c**2 - 4*c - 1. Calculate y(d).
2
Suppose -2*x = 4*h - 0 - 2, 4*h - 5*x = 23. Suppose j - 6*j = 4*a - 24, -6 = -h*j + 2*a. Let o(t) = -j + 6 + t + 0*t + t. Give o(-5).
-8
Let w(x) = -x**3 - 4*x**2 - 3*x + 4. Let a(g) = -g**3 - 2*g**2 + 8*g + 12. Let n be a(-3). Give w(n).
4
Let i(b) be the second derivative of b**5/10 - b**4/3 + 2*b**3/3 - b**2 + b - 6. Give i(2).
6
Let n(p) be the first derivative of -p**4/4 - 8*p**3/3 + 9*p**2/2 + 2*p - 128. Give n(-9).
2
Let z(v) be the third derivative of v**6/60 - v**5/30 - v**4/12 + v**3/3 - 2*v**2. Let g = 36 - 34. Suppose -1 = -g*h + 3. Give z(h).
6
Let q = 54 - 34. Let x be q/25 - 1/(-5). Let o(c) = -4 - 2*c - 1 + 1 + x. What is o(-5)?
7
Let a(z) = 5*z + 5. Let o(f) = 20*f + 20. Let x(h) = 15*a(h) - 4*o(h). Give x(-2).
5
Let m(a) = -11*a - 141. Let z be m(-13). Let g(q) be the first derivative of -7 + z*q**3 - 1/4*q**4 + 7*q - 7/2*q**2. Calculate g(5).
-3
Let w(z) = -6*z**2 + z - 1. Suppose -7 = -3*a + j, 0*j = 2*a + 5*j + 18. What is w(a)?
-6
Suppose -187*b = -193*b - 102. Let r(x) = -x**2 - 16*x + 15. Determine r(b).
-2
Let u(y) = 0 + 1 + 46*y - 52*y. Let h(j) = -j + 23. Let g be h(24). Give u(g).
7
Let n(t) = t**2 - t + 8. Let g = -13 - -21. Suppose -3*d + 2*s = g, 2*s - 8 = -4*d - 0*s. Give n(d).
8
Let l = -7 + 5. Let c(y) = -2*y**3 - y**2 - y + 1. Let k(d) = -5*d**3 + 2 - 3*d - 10*d**3 + 11*d**3 - 2*d**2. Let h(f) = -5*c(f) + 2*k(f). What is h(l)?
-11
Let n(g) be the third derivative of g**6/120 + 7*g**5/60 - g**4/3 + 5*g**3/3 - 65*g**2. Give n(-8).
10
Let w(c) = -17*c + 24. Let n be w(1). Let k(q) = q**2 - 5*q - 6. Give k(n).
8
Suppose -2*c = v - 770, -2*c = -6*c - 4*v + 1548. Let h(r) = 2 + 197*r - 7 - c*r + 187*r. Calculate h(10).
5
Let t(w) be the second derivative of w**7/2520 + w**6/120 - w**5/24 + 17*w**4/6 + 15*w. Let n(a) be the third derivative of t(a). Calculate n(-7).
2
Let f(v) = -4*v + v**3 - 7*v**2 + 0 - 6 + 0 + 3*v**2. Let a be f(5). Let o(n) = n**3 + n**2 + n. Let b be o(a). Let z(s) = 8*s. Calculate z(b).
-8
Let g(l) = 3*l - 2*l**2 + l**3 - 3*l**2 + 2*l**2. Suppose 0 = -4*y + y - 3, p - 14 = 4*y. Let k(i) = 4*i - 38. Let o be k(p). Determine g(o).
2
Let i(m) = 8*m - 13. Let w(o) = -5*o + 6. Let g(r) = -6*i(r) - 10*w(r). Calculate g(-4).
10
Let y(k) be the first derivative of 2/3*k**3 - 4 - 4*k - 1/2*k**2. Determine y(3).
11
Let u(o) = -3*o**2 + 3*o + 12. Let z(k) = 145*k + 583. Let v be z(-4). What is u(v)?
-6
Let r(o) = -18 + 3*o + 0 + 7 + 3. Give r(6).
10
Suppose 0 = 3*p + 4*j - 3 - 7, 2*p - 18 = 3*j. Let o be 4/p*120/16. Let y(x) be the first derivative of -x**4/4 + 5*x**3/3 - x**2/2 - x + 2. Calculate y(o).
-6
Let s(k) be the first derivative of -k**2/2 - 13*k - 194. What is s(6)?
-19
Suppose 19*a + 7 = 2*b + 16*a, -a + 3 = 0. Let n(q) = -q**3 + 7*q**2 + 7*q + 2. What is n(b)?
-6
Let a(s) be the first derivative of -s**7/840 + s**6/180 + s**5/40 - s**4/8 + 8*s**3/3 - 17. Let l(f) be the third derivative of a(f). Calculate l(2).
3
Let k(w) = -5*w**2 + 19*w + 11. Let u(g) = -9*g**2 + 37*g + 22. Let l(x) = -11*k(x) + 6*u(x). Determine l(-12).
-1
Let w(z) = 3 - z**3 - 1 - 2 + 1 + 2*z. Let q = -9 + 10. Let n be 4/(-2) + (1 - q). Give w(n).
5
Let d(b) = -b**2 + b + 11. Let g be d(4). Let i(l) = -21*l**2 - l. Give i(g).
-20
Let p(r) = r**2 + 3*r + 1. Let i be -1 + 4 + (2 - 0). Let v be i + (-3 + 1 - -1). Suppose 0 = -4*f - v. Give p(f).
-1
Let k(y) be the third derivative of -y**5/60 - y**4/8 + 5*y**3/6 + 527*y**2. Suppose 15 = -2*l - l. Calculate k(l).
-5
Let f be (-3)/(4/((-64)/6)). Let w be ((-3)/1)/(6/f). Let h(t) = 17*t - 7*t - 11*t + 4. Calculate h(w).
8
Let v(x) = -9*x**3 - 9*x**2 + 8*x - 3. Let a(j) = -4*j**3 - 4*j**2 + 3*j - 1. Let m(g) = -7*a(g) + 3*v(g). Determine m(2).
16
Let n be 2/(-3)*(-6 - -3). Let a(u) = 3*u**2 + u**2 - 6*u**n + 7*u + 3*u**2. What is a(-6)?
-6
Let o(k) = 7*k - k**2 - 44 - 48 + 124 - 39. Determine o(8).
-15
Suppose -4 = -84*g + 83*g. Let n(h) = h**2 - 2*h. Give n(g).
8
Let s(u) be the first derivative of u**3/3 - 4*u**2 + 7*u - 99. Give s(5).
-8
Let w = -337 - -342. Let s(c) = -c**3 + 7*c**2 - 10*c + 16. What is s(w)?
16
Let i(d) be the first derivative of d**7/420 - d**6/90 + d**5/30 - d**4/12 - 3*d**3 + 10. Let f(g) be the third derivative of i(g). Let h = -1 - -3. Give f(h).
6
Let n(u) = u**3 - u + 1. Suppose 3*m = m + 12. Let a(p) = -24 + 7 - p**3 - p + m - 2*p**2 + 10. Let y be a(-2). What is n(y)?
1
Let g(z) = 2*z**2 - 2*z - 13. Let k(p) = -p**2 + 7. Let b(i) = -3*g(i) - 7*k(i). Calculate b(-8).
6
Let o(t) = -t**3 + 3*t**2 + 4*t + 3. Let g(n) = -n**2 - 8*n - 3. Let f be g(-6). Let z = 13 - f. Determine o(z).
3
Let p(h) = 676*h**2 - h + 0*h - 675*h**2 - 9. Give p(0).
-9
Let s(g) = -3*g**2 + 13*g + 5. Let v(n) = -4*n**2 + 14*n + 4. Let b(t) = 5*s(t) - 4*v(t). Let o be b(-6). Let k = -9 - o. Let r(y) = -y - 1. Give r(k).
-1
Let p(y) = 3*y + 16. Let s = -340 - -333. Give p(s).
-5
Suppose 4*p - 9*p + 5*h = -820, p + 5*h = 158. Let a = 160 - p. Let k(o) = -o - 3. What is k(a)?
0
Suppose -5*i + 2*a - 25 = 0, 0 = -4*i + 4*a - 29 - 3. Let c(r) = -4*r**2 - 5*r - 1. Give c(i).
-22
Let u(w) = w**2 - 8*w + 2. Let i(m) = m**3 + 12*m**2 + 10*m - 5. Let q be i(-11). Calculate u(q).
-10
Let t(s) = 3*s**3 + 12*s**2 - 28*s - 5. Let l(h) = -2*h**3 - 6*h**2 + 16*h + 3. Let f(w) = -5*l(w) - 3*t(w). What is f(4)?
-16
Suppose -33 = b - 17. Let f(c) = c**3 + 15*c**2 - 17*c - 12. Let o be f(b). Let t(v) = v**3 - 5*v**2 - 3*v + 1. Give t(o).
-27
Let f(u) be the third derivative of u**6/120 + u**5/12 - u**4/6 + u**2. Suppose 4*h + 0*h = 28. Suppose h = -2*m - 5. Give f(m).
-12
Let p(t) = t**3 - 3*t**2 + 3*t. Let i be 2/(-3 + 11/3). Suppose -5*c + i*b + 90 = -0*b, b = 5. Suppose -3*o + c = 3*z, -21 = 2*o - 5*z - 0. Calculate p(o).
2
Let p be (-3)/(8 + 645/(-75)). Let k(b) = -13*b + 4. Let t(n) = 6*n - 2. Let f(j) = -4*k(j) - 9*t(j). Give f(p).
-8
Suppose -3*x + 11 = -1. Let g(u) = -1 - x*u**2 + 4 - 17*u + u**3 + 15*u. Give g(4).
-5
Let h(d) = d - 9. Let y(c) = 15*c**2 + c - 2. Let q be y(1). Let x = q - 7. Calculate h(x).
-2
Let j(z) = z**2 - z - 3. Let r(q) = q**2 - 3*q - 10. Let c = 15 - 13. Let k be c*((-10)/(-4) + 0). Let s be r(k). What is j(s)?
-3
Let y(f) = -f + 1. Suppose -6*i + i - 3*z + 78 = 0, -2*i + 28 = -2*z. Determine y(i).
-14
Suppose -3*w = -4*w + 3. Let p(h) = 3*h**2 - 33*h**w - 4*h**2 + 1 + 28*h**3. Determine p(-1).
5
Let u be (-3)/(-5) + (-120)/75. Let p be 4/u*2/8. Let y(a) = 8*a**2 + 1. What is y(p)?
9
Let d(b) = 16 + 9 + b - 29 + 0*b + 10. Determine d(8).
14
Let a be -1 + 4 - -1 - -4. Let w(p) = 2*p + 51*p**3 + 9*p**2 + 49*p**3 + 10 + a*p - 99*p**3. Determine w(-8).
-6
Let p = 13 - 10. Let v(f) = -13*f**3 - p + 3 + 1. Calculate v(1).
-12
Let f(l) = l**2 - 7*l - 369. Let j be f(23). Let p(a) = 2 - 2 + 6*a**3 - a. Calculate p(j).
-5
Let j(w) = w**2 - 4*w + 3. Let q be 20/(-6)*(-108)/15. Suppose 3*g = y - 3*y + q, 0 = -2*g + 4*y. Determine j(g).
15
Let j(a) be the first derivative of -a**3/3 - a**2/2 - 1. Suppose 2*m = p + 4*p + 33, -12 = -4*p. Suppose 0 = -10*z + m*z. Calculate j(z).
0
Let p be (1/2)/(3/12). Let r(x) = x**2 - 9*x + 2. Let m be r(9). Let b(o) = 2*o**3 - m*o + 13 - 5*o**2 - 12 + 3*o - o**3. Give b(p).
-9
Let h(j) = -j**2 - 2 - 2*j - j - j**3 + 4*j. Suppose -2*b = -4*z - 16, -b - 2*z - z - 12 = 0. Determine h(b).
-2
Let z(h) = 46*h**3 - 66*h**2 + 66*h**2 + 2 - h - 2. Give z(1).
45
Let m(l) = 9*l**2 - 5*l. Let t(r) = 8*r**2 - 4*r. Let b(q) = 5*m(q) - 6*t(q). Suppose -28*x - 44 = -50*x. Calculate b(x).
-14
Let w(v) = v - 1. Let z(g) = 13*g - 1. Let f(b) = -22*w(b) + 2*z(